{"id":571,"date":"2023-11-13T05:59:08","date_gmt":"2023-11-13T04:59:08","guid":{"rendered":"https:\/\/yeyepets.com\/?post_type=product&#038;p=571"},"modified":"2024-02-08T18:55:07","modified_gmt":"2024-02-08T17:55:07","slug":"pijama-de-navidad-para-perro","status":"publish","type":"product","link":"https:\/\/yeyepets.com\/index.php\/producto\/pijama-de-navidad-para-perro\/","title":{"rendered":"Pijama de Navidad para perro"},"content":{"rendered":"<h2 id=\"title\" class=\"a-size-large a-spacing-none\">Pijama de Navidad para perro<\/h2>\n","protected":false},"excerpt":{"rendered":"<p>Estos pijamas de Navidad para perro est\u00e1n decorados con elementos festivos, llenos de sensaci\u00f3n y ambiente navide\u00f1os, adecuados para que puedas vestir a tus peque\u00f1as mascotas y celebrar la Navidad con ellos juntos.<\/p>\n","protected":false},"featured_media":658,"comment_status":"open","ping_status":"closed","template":"","meta":[],"product_cat":[36],"product_tag":[35,41,44],"_links":{"self":[{"href":"https:\/\/yeyepets.com\/index.php\/wp-json\/wp\/v2\/product\/571"}],"collection":[{"href":"https:\/\/yeyepets.com\/index.php\/wp-json\/wp\/v2\/product"}],"about":[{"href":"https:\/\/yeyepets.com\/index.php\/wp-json\/wp\/v2\/types\/product"}],"replies":[{"embeddable":true,"href":"https:\/\/yeyepets.com\/index.php\/wp-json\/wp\/v2\/comments?post=571"}],"wp:featuredmedia":[{"embeddable":true,"href":"https:\/\/yeyepets.com\/index.php\/wp-json\/wp\/v2\/media\/658"}],"wp:attachment":[{"href":"https:\/\/yeyepets.com\/index.php\/wp-json\/wp\/v2\/media?parent=571"}],"wp:term":[{"taxonomy":"product_cat","embeddable":true,"href":"https:\/\/yeyepets.com\/index.php\/wp-json\/wp\/v2\/product_cat?post=571"},{"taxonomy":"product_tag","embeddable":true,"href":"https:\/\/yeyepets.com\/index.php\/wp-json\/wp\/v2\/product_tag?post=571"}],"curies":[{"name":"wp","href":"https:\/\/api.w.org\/{rel}","templated":true}]}}