{"id":719,"date":"2024-02-08T22:11:41","date_gmt":"2024-02-08T21:11:41","guid":{"rendered":"https:\/\/yeyepets.com\/?post_type=product&#038;p=719"},"modified":"2024-12-28T19:00:31","modified_gmt":"2024-12-28T18:00:31","slug":"gorras-de-sol-para-mascota","status":"publish","type":"product","link":"https:\/\/yeyepets.com\/index.php\/producto\/gorras-de-sol-para-mascota\/","title":{"rendered":"gorras de sol para mascota"},"content":{"rendered":"<h1 style=\"text-align: center;\"><strong>Gorras de sol para Mascota<\/strong><\/h1>\n<p>\u00a1Protege a tu peludo del sol con estilo con nuestras incre\u00edbles gorras de sol para perros! \ud83c\udf1e\ud83d\udc3e Dise\u00f1adas para brindar comodidad y protecci\u00f3n, nuestras gorras son el accesorio perfecto para mantener a tu mascota fresca y segura durante los d\u00edas soleados.gorras de sol para mascota<\/p>\n","protected":false},"excerpt":{"rendered":"<p>Con una variedad de colores y estilos, \u00a1seguro encontrar\u00e1s la gorra perfecta para tu peludo! \ud83e\udde2\ud83d\udc36 Haz que este verano sea seguro y con estilo para tu mejor amigo de cuatro patas. \u00a1Consigue ahora la gorra de sol ideal para tu peludo consentido! \ud83c\udf34\ud83d\udc3e gorras de sol para mascota<\/p>\n<p>&nbsp;<\/p>\n","protected":false},"featured_media":720,"comment_status":"open","ping_status":"closed","template":"","meta":[],"product_cat":[79,18,23,59,60],"product_tag":[],"_links":{"self":[{"href":"https:\/\/yeyepets.com\/index.php\/wp-json\/wp\/v2\/product\/719"}],"collection":[{"href":"https:\/\/yeyepets.com\/index.php\/wp-json\/wp\/v2\/product"}],"about":[{"href":"https:\/\/yeyepets.com\/index.php\/wp-json\/wp\/v2\/types\/product"}],"replies":[{"embeddable":true,"href":"https:\/\/yeyepets.com\/index.php\/wp-json\/wp\/v2\/comments?post=719"}],"wp:featuredmedia":[{"embeddable":true,"href":"https:\/\/yeyepets.com\/index.php\/wp-json\/wp\/v2\/media\/720"}],"wp:attachment":[{"href":"https:\/\/yeyepets.com\/index.php\/wp-json\/wp\/v2\/media?parent=719"}],"wp:term":[{"taxonomy":"product_cat","embeddable":true,"href":"https:\/\/yeyepets.com\/index.php\/wp-json\/wp\/v2\/product_cat?post=719"},{"taxonomy":"product_tag","embeddable":true,"href":"https:\/\/yeyepets.com\/index.php\/wp-json\/wp\/v2\/product_tag?post=719"}],"curies":[{"name":"wp","href":"https:\/\/api.w.org\/{rel}","templated":true}]}}