{"id":753,"date":"2024-12-28T18:03:25","date_gmt":"2024-12-28T17:03:25","guid":{"rendered":"https:\/\/yeyepets.com\/?post_type=product&#038;p=753"},"modified":"2024-12-28T18:03:26","modified_gmt":"2024-12-28T17:03:26","slug":"funnel-de-ventas","status":"publish","type":"product","link":"https:\/\/yeyepets.com\/index.php\/producto\/funnel-de-ventas\/","title":{"rendered":"Camisas tropicales para macho"},"content":{"rendered":"<h1><strong>Camisas tropicales para perro macho<\/strong><\/h1>\n<p>\ud83d\udc36\ud83c\udf3a Desde estampados vibrantes hasta dise\u00f1os frescos, tenemos el atuendo perfecto para que tu mascota luzca genial bajo el sol. \u00a1Haz que este verano sea inolvidable para tu mejor amigo peludo con nuestra moda tropical! \ud83c\udfdd\ufe0f\ud83d\udc3e<\/p>\n","protected":false},"excerpt":{"rendered":"<h2>Estilo Tropical para Tu Peludo<\/h2>\n<p>\u00a1Prep\u00e1rate para darle la bienvenida al verano con nuestras camisas tropicales para perros! Este verano, tu peludo puede lucir a la moda mientras disfruta del sol y la playa. Nuestras camisas est\u00e1n dise\u00f1adas con colores vibrantes y patrones tropicales que encantar\u00e1n a tu mascota y a todos a su alrededor.<\/p>\n<h2>Comodidad y Calidad<\/h2>\n<p>La colecci\u00f3n de camisas tropicales no solo es estilosa, tambi\u00e9n est\u00e1 hecha de materiales suaves y transpirables para asegurar la comodidad de tu amigo peludo. Perfectas para paseos, visitas al parque o simplemente para relajarse en casa, estas camisas son una excelente adici\u00f3n al guardarropa de tu mascota.<\/p>\n<h2>Prep\u00e1rate para la Temporada<\/h2>\n<p>No dejes pasar la oportunidad de que tu perro brille este verano. Explora nuestra espectacular colecci\u00f3n y encuentra la camisa perfecta que refleje la energ\u00eda y alegr\u00eda de la temporada. Dale a tu peludo ese toque especial que se merece.<\/p>\n","protected":false},"featured_media":756,"comment_status":"open","ping_status":"closed","template":"","meta":[],"product_cat":[79,23,34,60],"product_tag":[],"_links":{"self":[{"href":"https:\/\/yeyepets.com\/index.php\/wp-json\/wp\/v2\/product\/753"}],"collection":[{"href":"https:\/\/yeyepets.com\/index.php\/wp-json\/wp\/v2\/product"}],"about":[{"href":"https:\/\/yeyepets.com\/index.php\/wp-json\/wp\/v2\/types\/product"}],"replies":[{"embeddable":true,"href":"https:\/\/yeyepets.com\/index.php\/wp-json\/wp\/v2\/comments?post=753"}],"wp:featuredmedia":[{"embeddable":true,"href":"https:\/\/yeyepets.com\/index.php\/wp-json\/wp\/v2\/media\/756"}],"wp:attachment":[{"href":"https:\/\/yeyepets.com\/index.php\/wp-json\/wp\/v2\/media?parent=753"}],"wp:term":[{"taxonomy":"product_cat","embeddable":true,"href":"https:\/\/yeyepets.com\/index.php\/wp-json\/wp\/v2\/product_cat?post=753"},{"taxonomy":"product_tag","embeddable":true,"href":"https:\/\/yeyepets.com\/index.php\/wp-json\/wp\/v2\/product_tag?post=753"}],"curies":[{"name":"wp","href":"https:\/\/api.w.org\/{rel}","templated":true}]}}